3, 5 = 5*f - 3*p. Suppose f = -x + 6. Suppose y - 18 = -x*y. What is the units digit of y?
6
Suppose 4*v - 33 = v. What is the tens digit of v?
1
Suppose 27 = 4*n - d + 2*d, d + 15 = 3*n. Suppose n = -u + 16. What is the tens digit of u?
1
Let s = -5 - -9. What is the units digit of s?
4
Let c be (10/3)/(3/9). Suppose -s = s - c, m = 4*s - 13. What is the units digit of m?
7
Let d(q) be the third derivative of -q**6/120 - q**5/12 - q**4/24 + q**3 - 2*q**2. What is the tens digit of d(-5)?
1
Let o(q) = q + 7. Let i be o(-3). Suppose -m = -i*a + 1 - 38, -5*m + 60 = 5*a. What is the units digit of m?
7
Suppose -3*d + 4*d - 517 = -2*u, -4*u = -2*d - 1014. What is the units digit of u?
6
Let y(l) = -l**3 + 6*l**2 + 9*l - 8. Let i be y(7). Let w(b) = -b**3 + 5*b**2 + 5*b + 8. What is the units digit of w(i)?
2
Suppose 3*r + r + 93 = f, 5*f + 2*r - 531 = 0. What is the tens digit of f?
0
Let z(n) = 45*n**2 - 2*n + 2. What is the tens digit of z(1)?
4
Suppose 3*l + 182 = r + 64, -5*l + 25 = 0. Suppose -4*s - 45 = -r. What is the units digit of s?
2
Let a = -111 - -197. What is the units digit of a?
6
Let z(w) = -36*w**3 - w**2 - w. What is the tens digit of z(-1)?
3
Let h be 86/(-11) + (-4)/22. Let g = 20 + h. Suppose g = l + 2*w, l + 2*w - 3*w = 6. What is the units digit of l?
8
Suppose 4*m = 10 + 2. Suppose m*k + 2 - 5 = 0. What is the units digit of k?
1
Let c(k) = -k - 7. Let w(u) = u**3 - 7*u**2 - u - 2. Let z be w(7). What is the units digit of c(z)?
2
Let a(r) = r**3 + 2*r**2 - r - 9. What is the tens digit of a(4)?
8
Let a be (4/(-7))/(4/(-14)). Let w be a/(-6) + 2/(-3). Let v = w + 13. What is the units digit of v?
2
Let j(k) = -3*k**2 + 3 + k**2 + 3*k**2 + 0*k**2 - 8*k. Let b be j(6). What is the units digit of (-1 + b)*(-30)/25?
2
What is the tens digit of 3 + (-32)/12 - (-663)/9?
7
Suppose 0 = 2*k + 2*k - 20. Suppose 16 + 4 = k*q. What is the units digit of q?
4
Let j(h) = h**2 + h - 2. Let k(m) = m**3 + 10*m**2 + 9*m. Let d be k(-9). Let r be j(d). What is the units digit of (2 + 0)/(4 + r)?
1
Let s(w) = -2*w - 7. Let x(t) = -t**3 - 10*t**2 - 9*t - 6. Let l be x(-9). Let u be s(l). Let h = u + -3. What is the units digit of h?
2
Let m = 1 + 2. Suppose -6 = -m*i + 72. What is the tens digit of i?
2
Let j = -1 - -6. Suppose -r + n + 9 = -j, 3*n - 48 = -3*r. Let c = r + -6. What is the units digit of c?
9
Suppose 15*s - 39 = 18*s. Let a = s + 25. What is the units digit of a?
2
Suppose g = -3*g + 164. What is the units digit of g?
1
Suppose 82 = -4*i + 298. What is the tens digit of i?
5
Let h(o) be the second derivative of -o**5/10 - o**4/4 - o**3/6 + o**2/2 + o. What is the units digit of h(-2)?
7
Let f(d) = 22*d + 3. What is the tens digit of f(4)?
9
Suppose -4*i + 61 = -19. Suppose i = -3*a + 8*a. Suppose 8 + 0 = a*z. What is the units digit of z?
2
Suppose 5*b = 3*l + 134, l - 16 - 6 = -b. Suppose -4*d + b = -4*n - 15, 5*d + n - 80 = 0. What is the tens digit of d?
1
What is the units digit of (-39)/(-18)*2 - (-16)/24?
5
Let t(f) be the second derivative of f**5/20 + f**4/3 + f**3/2 + f**2 + f. Let o be t(-3). Suppose 0 = c + c - o. What is the units digit of c?
1
Let a(u) = -u - 1 + 2 + 0*u + 2. What is the units digit of a(-8)?
1
Let h = -7 - -9. Suppose 2*k + 4*i = -h*k + 52, 2*k = 2*i + 14. What is the units digit of k?
0
Let o(c) = -3*c - 5. Let p(n) = -10*n - 16. Let t(m) = 14*o(m) - 4*p(m). What is the tens digit of t(-10)?
1
Suppose 3 = -2*v - 5, 0 = 5*f - 5*v - 40. Suppose -3*t - f*s - 5 = 0, 3*s + 1 = -5*t - 0*s. What is the units digit of t?
1
Let r = -2 - -11. Suppose -4*y = m - r, -y + 19 = -2*y + 4*m. What is the units digit of y?
1
Let b = 12 - 8. Suppose -w + 15 = b. What is the units digit of w?
1
Let k(j) = -4*j - 7. Suppose 3*h = 4*q - 47, h + q + 6 = 2. What is the units digit of k(h)?
9
Let j(q) = 7*q**2 - 9*q - 2. Let h(x) = -8*x**2 + 9*x + 3. Let y(m) = -6*h(m) - 7*j(m). What is the tens digit of y(7)?
1
What is the tens digit of (-2)/2 + -4 + 74?
6
Suppose 4*s = 4*b + 988, -5*s - 2*b = b - 1203. What is the tens digit of s?
4
Let v(b) = b**2 - 4 - b**3 - 5*b + 0*b**2 - 6*b**2. Let z be v(-4). Suppose -4 = -2*n - 0, -x + n = z. What is the units digit of x?
2
Let n(d) = -d**3 - 3*d**2 + 3*d + 1. Let m(l) = -2*l**2 + 5*l - 4. Let j be m(4). Let h be j/(-4)*-1*1. What is the units digit of n(h)?
5
Let j = -12 + 19. Suppose j + 61 = 4*h. What is the tens digit of h?
1
Let l(y) = -29*y**3 + y. Let b be l(-1). Suppose -i + b = i. What is the units digit of i?
4
Suppose -4*d = x - 8, 4 = 3*d + 3*x - 11. Let i be (d/(-3))/(1/(-51)). Let m = -11 + i. What is the units digit of m?
6
Let j(t) = -t - 5. Let z = -32 - -23. What is the units digit of j(z)?
4
Suppose x + x - 3*d = 225, 579 = 5*x - 2*d. What is the hundreds digit of x?
1
Suppose -o + 5*o - 440 = 0. What is the units digit of o?
0
Suppose -x + 3*b + 84 = 3*x, 0 = 2*b - 8. Suppose o - 3*o + 4 = 0. Suppose -o*s - 3*v = 4 - x, -4*s + 5*v = -40. What is the tens digit of s?
1
Suppose 0 = -2*x - 8, -2*s + 237 - 1 = 2*x. What is the hundreds digit of s?
1
Let u be -1 + 6 + 1/(-1). What is the units digit of (-132)/(-15) + u/20?
9
Let m = 79 + -32. What is the tens digit of m?
4
Let l(w) = -w + 13. Let f = -4 + 4. Let i be l(f). Let x = i - 5. What is the units digit of x?
8
Suppose -4*u + 79 = u + m, 65 = 4*u - m. What is the units digit of u?
6
Let h(g) = -g**3 + 5*g**2 + g - 7. Let p be 5 - 0/(0 - 2). Let d be h(p). What is the units digit of 3 + (2 - (-1 - d))?
4
Suppose -5*r = 2*t - 498 - 315, 0 = -r + 3. What is the tens digit of t?
9
Suppose 4*h - 24 = -2*r + 3*h, -4*h = r - 19. Let i = r + -7. Suppose 0 = i*d - 8, -5*d = 6*g - g - 40. What is the units digit of g?
6
What is the units digit of (-2)/4 - (-10)/4?
2
Let u(g) = 5*g**2 - 2*g - 2. Let c(n) = -n**3 - 4*n**2 + 10*n + 8. Let j be c(-6). Suppose 0 = -5*a - j, -3*w + 9 + 1 = -a. What is the tens digit of u(w)?
1
Let y be (-2 - -1)*(1 + -10). Let d = y - -8. What is the units digit of d?
7
Let p be (24/(-20))/((-4)/170). Suppose 3 - p = -4*k. What is the units digit of k?
2
Let p(m) = -m**3 + 4*m**2 - 3*m + 1. Let h be p(3). Let c = h - -1. Suppose 4*i - 36 = -2*q, 0 = i - 4*q + c*q + 1. What is the units digit of i?
7
Let v(q) = q**2 - q. Let t be v(3). Suppose x - 4 = 2*i, x + x + 3*i = -t. What is the units digit of 1/((-2)/(-2)) - x?
1
Suppose o + g - 186 = -0*o, -938 = -5*o - g. What is the tens digit of o?
8
Suppose 50*k - 45*k = 605. What is the units digit of k?
1
Suppose -23 = -3*c + 157. What is the tens digit of (2/(-3))/((-2)/c)?
2
Suppose 2*b + 4 + 6 = 0. Let a = b + 5. Let w = 4 + a. What is the units digit of w?
4
Let k(v) = -v**2 - 8*v - 9. Let l be k(-6). Suppose l*o + 2 = 32. What is the units digit of o?
0
Let o(z) = -z**3 - 8*z**2 + 8*z - 7. Let m be o(-9). Suppose -3*b = -2*y - 161, 2*b - 112 = 2*y - m. What is the tens digit of b?
5
Let s be (-2)/4 - 17/2. Let y(n) = n**2 + 2*n - 2. Let d be y(-3). Let b = d - s. What is the units digit of b?
0
Let p(q) = 7*q**2 - 2*q - 2. Let h be p(-3). Let i = 94 - h. What is the tens digit of i?
2
Let g(d) = d**3 - 5*d**2 - 5*d - 5. Let x be g(6). Suppose -x = n - 5. Suppose -h = -n*h + 36. What is the tens digit of h?
1
Let u(d) = -d - 6*d - 4*d**2 + d**3 - 2*d**2 + 3*d**2 + 9. What is the tens digit of u(5)?
2
Suppose -w = 2*j + 2*w - 16, 5*j - 5*w + 10 = 0. Suppose j*l - 8 = 8. What is the units digit of l?
8
Suppose -10 - 15 = -5*u. Suppose -u*o = -15, -y + 0*o + 2*o = 0. What is the units digit of y?
6
Suppose 87 + 18 = -5*o. Let f = -12 - o. What is the units digit of f?
9
Let a(y) = y + 3. Let h be a(-4). Let v be (h + 0)/((-4)/(-12)). What is the units digit of 9/2 + v/(-2)?
6
Let i = 114 - -74. What is the tens digit of i?
8
Let h(c) = c + 1. Let f(n) = 10*n + 6. Let w(q) = -f(q) + 6*h(q). What is the units digit of w(-2)?
8
Let w = 28 - 10. What is the tens digit of w?
1
Let h(i) = 7*i**3 - i**2 + i - 1. Let k be h(1). What is the units digit of k + (2 - (-2 - -4))?
6
Suppose p + 59 = 2*p. What is the tens digit of p?
5
Let u(f) = 2*f**2 + 2*f. What is the units digit of u(-4)?
4
Suppose -3*z + 4*z = 190. What is the tens digit of z?
9
Let f = -26 + 37. Suppose -2*q = -w - 4*w - f, 3*w - 2*q + 9 = 0. What is the units digit of 0 - -2